[INFO] cloning repository https://github.com/ozkriff/gpu_cache_gfx
[INFO] running `Command { std: "git" "-c" "credential.helper=" "-c" "credential.helper=/workspace/cargo-home/bin/git-credential-null" "clone" "--bare" "https://github.com/ozkriff/gpu_cache_gfx" "/workspace/cache/git-repos/https%3A%2F%2Fgithub.com%2Fozkriff%2Fgpu_cache_gfx", kill_on_drop: false }`
[INFO] [stderr] Cloning into bare repository '/workspace/cache/git-repos/https%3A%2F%2Fgithub.com%2Fozkriff%2Fgpu_cache_gfx'...
[INFO] running `Command { std: "git" "rev-parse" "HEAD", kill_on_drop: false }`
[INFO] [stdout] da4b22bce131e9836e22ec0c69177c8e8e7aedd4
[INFO] checking ozkriff/gpu_cache_gfx against master#af3c6e733a40e671550e0f0f5aeecaa13772ba56 for pr-74989
[INFO] running `Command { std: "git" "clone" "/workspace/cache/git-repos/https%3A%2F%2Fgithub.com%2Fozkriff%2Fgpu_cache_gfx" "/workspace/builds/worker-3/source", kill_on_drop: false }`
[INFO] [stderr] Cloning into '/workspace/builds/worker-3/source'...
[INFO] [stderr] done.
[INFO] validating manifest of git repo https://github.com/ozkriff/gpu_cache_gfx on toolchain af3c6e733a40e671550e0f0f5aeecaa13772ba56
[INFO] running `Command { std: "/workspace/cargo-home/bin/cargo" "+af3c6e733a40e671550e0f0f5aeecaa13772ba56" "read-manifest" "--manifest-path" "Cargo.toml", kill_on_drop: false }`
[INFO] started tweaking git repo https://github.com/ozkriff/gpu_cache_gfx
[INFO] finished tweaking git repo https://github.com/ozkriff/gpu_cache_gfx
[INFO] tweaked toml for git repo https://github.com/ozkriff/gpu_cache_gfx written to /workspace/builds/worker-3/source/Cargo.toml
[INFO] crate git repo https://github.com/ozkriff/gpu_cache_gfx already has a lockfile, it will not be regenerated
[INFO] running `Command { std: "/workspace/cargo-home/bin/cargo" "+af3c6e733a40e671550e0f0f5aeecaa13772ba56" "fetch" "--locked" "--manifest-path" "Cargo.toml", kill_on_drop: false }`
[INFO] [stderr]     Blocking waiting for file lock on package cache
[INFO] [stderr] error: the lock file /workspace/builds/worker-3/source/Cargo.lock needs to be updated but --locked was passed to prevent this
[INFO] [stderr] If you want to try to generate the lock file without accessing the network, use the --offline flag.
[INFO] the lockfile is outdated, regenerating it
[INFO] running `Command { std: "/workspace/cargo-home/bin/cargo" "+af3c6e733a40e671550e0f0f5aeecaa13772ba56" "generate-lockfile" "--manifest-path" "Cargo.toml" "-Zno-index-update", kill_on_drop: false }`
[INFO] running `Command { std: "/workspace/cargo-home/bin/cargo" "+af3c6e733a40e671550e0f0f5aeecaa13772ba56" "fetch" "--locked" "--manifest-path" "Cargo.toml", kill_on_drop: false }`
[INFO] running `Command { std: "docker" "create" "-v" "/var/lib/crater-agent-workspace/builds/worker-3/target:/opt/rustwide/target:rw,Z" "-v" "/var/lib/crater-agent-workspace/builds/worker-3/source:/opt/rustwide/workdir:ro,Z" "-v" "/var/lib/crater-agent-workspace/cargo-home:/opt/rustwide/cargo-home:ro,Z" "-v" "/var/lib/crater-agent-workspace/rustup-home:/opt/rustwide/rustup-home:ro,Z" "-e" "SOURCE_DIR=/opt/rustwide/workdir" "-e" "CARGO_TARGET_DIR=/opt/rustwide/target" "-e" "CARGO_HOME=/opt/rustwide/cargo-home" "-e" "RUSTUP_HOME=/opt/rustwide/rustup-home" "-w" "/opt/rustwide/workdir" "-m" "1610612736" "--user" "0:0" "--network" "none" "rustops/crates-build-env@sha256:d92eaeed33fa75130ca1ee6c8a01d1ffb62bac859dfdfb3450e3e5d1c0146529" "/opt/rustwide/cargo-home/bin/cargo" "+af3c6e733a40e671550e0f0f5aeecaa13772ba56" "metadata" "--no-deps" "--format-version=1", kill_on_drop: false }`
[INFO] [stdout] 63caba8b6ca509e650c78480d0e2eb5e92c7a07ca052ef558b4191a999758dea
[INFO] [stderr] WARNING: Your kernel does not support swap limit capabilities or the cgroup is not mounted. Memory limited without swap.
[INFO] running `Command { std: "docker" "start" "-a" "63caba8b6ca509e650c78480d0e2eb5e92c7a07ca052ef558b4191a999758dea", kill_on_drop: false }`
[INFO] running `Command { std: "docker" "inspect" "63caba8b6ca509e650c78480d0e2eb5e92c7a07ca052ef558b4191a999758dea", kill_on_drop: false }`
[INFO] running `Command { std: "docker" "rm" "-f" "63caba8b6ca509e650c78480d0e2eb5e92c7a07ca052ef558b4191a999758dea", kill_on_drop: false }`
[INFO] [stdout] 63caba8b6ca509e650c78480d0e2eb5e92c7a07ca052ef558b4191a999758dea
[INFO] running `Command { std: "docker" "create" "-v" "/var/lib/crater-agent-workspace/builds/worker-3/target:/opt/rustwide/target:rw,Z" "-v" "/var/lib/crater-agent-workspace/builds/worker-3/source:/opt/rustwide/workdir:ro,Z" "-v" "/var/lib/crater-agent-workspace/cargo-home:/opt/rustwide/cargo-home:ro,Z" "-v" "/var/lib/crater-agent-workspace/rustup-home:/opt/rustwide/rustup-home:ro,Z" "-e" "SOURCE_DIR=/opt/rustwide/workdir" "-e" "CARGO_TARGET_DIR=/opt/rustwide/target" "-e" "CARGO_INCREMENTAL=0" "-e" "RUST_BACKTRACE=full" "-e" "RUSTFLAGS=--cap-lints=forbid" "-e" "CARGO_HOME=/opt/rustwide/cargo-home" "-e" "RUSTUP_HOME=/opt/rustwide/rustup-home" "-w" "/opt/rustwide/workdir" "-m" "1610612736" "--user" "0:0" "--network" "none" "rustops/crates-build-env@sha256:d92eaeed33fa75130ca1ee6c8a01d1ffb62bac859dfdfb3450e3e5d1c0146529" "/opt/rustwide/cargo-home/bin/cargo" "+af3c6e733a40e671550e0f0f5aeecaa13772ba56" "check" "--frozen" "--all" "--all-targets" "--message-format=json", kill_on_drop: false }`
[INFO] [stdout] d3315becd677ae30546fd619693dab68426ddea5f6d6aaba821bf04e07e4257d
[INFO] [stderr] WARNING: Your kernel does not support swap limit capabilities or the cgroup is not mounted. Memory limited without swap.
[INFO] running `Command { std: "docker" "start" "-a" "d3315becd677ae30546fd619693dab68426ddea5f6d6aaba821bf04e07e4257d", kill_on_drop: false }`
[INFO] [stderr]    Compiling libc v0.2.77
[INFO] [stderr]    Compiling log v0.4.11
[INFO] [stderr]    Compiling proc-macro2 v0.4.30
[INFO] [stderr]    Compiling unicode-xid v0.1.0
[INFO] [stderr]    Compiling bitflags v1.2.1
[INFO] [stderr]    Compiling libloading v0.6.3
[INFO] [stderr]    Compiling khronos_api v3.1.0
[INFO] [stderr]    Compiling autocfg v1.0.1
[INFO] [stderr]    Compiling nix v0.14.1
[INFO] [stderr]     Checking void v1.0.2
[INFO] [stderr]    Compiling cfg-if v0.1.10
[INFO] [stderr]    Compiling maybe-uninit v2.0.0
[INFO] [stderr]    Compiling semver-parser v0.7.0
[INFO] [stderr]    Compiling pkg-config v0.3.18
[INFO] [stderr]     Checking same-file v1.0.6
[INFO] [stderr]     Checking slab v0.4.2
[INFO] [stderr]     Checking scopeguard v1.1.0
[INFO] [stderr]     Checking xdg v2.2.0
[INFO] [stderr]    Compiling cc v1.0.59
[INFO] [stderr]     Checking percent-encoding v2.1.0
[INFO] [stderr]     Checking smallvec v1.4.2
[INFO] [stderr]     Checking instant v0.1.6
[INFO] [stderr]     Checking tinyvec v0.3.4
[INFO] [stderr]     Checking ab_glyph_rasterizer v0.1.3
[INFO] [stderr]     Checking walkdir v2.3.1
[INFO] [stderr]     Checking lock_api v0.3.4
[INFO] [stderr]    Compiling semver v0.9.0
[INFO] [stderr]     Checking rusttype v0.9.2
[INFO] [stderr]     Checking smallvec v0.6.13
[INFO] [stderr]     Checking draw_state v0.8.0
[INFO] [stderr]     Checking unicode-normalization v0.1.13
[INFO] [stderr]     Checking dlib v0.4.2
[INFO] [stderr]    Compiling gl_generator v0.14.0
[INFO] [stderr]    Compiling rustc_version v0.2.3
[INFO] [stderr]    Compiling x11-dl v2.18.5
[INFO] [stderr]    Compiling num-traits v0.2.12
[INFO] [stderr]     Checking wayland-sys v0.21.13
[INFO] [stderr]     Checking wayland-sys v0.23.6
[INFO] [stderr]     Checking gfx_core v0.9.2
[INFO] [stderr]    Compiling parking_lot_core v0.6.2
[INFO] [stderr]    Compiling parking_lot v0.9.0
[INFO] [stderr]    Compiling quote v0.6.13
[INFO] [stderr]     Checking net2 v0.2.35
[INFO] [stderr]     Checking iovec v0.1.4
[INFO] [stderr]     Checking memmap v0.7.0
[INFO] [stderr]     Checking raw-window-handle v0.3.3
[INFO] [stderr]     Checking shared_library v0.1.9
[INFO] [stderr]     Checking parking_lot_core v0.7.2
[INFO] [stderr]    Compiling libloading v0.5.2
[INFO] [stderr]    Compiling wayland-scanner v0.21.13
[INFO] [stderr]    Compiling wayland-scanner v0.23.6
[INFO] [stderr]     Checking osmesa-sys v0.1.2
[INFO] [stderr]     Checking mio v0.6.22
[INFO] [stderr]     Checking parking_lot v0.10.2
[INFO] [stderr]    Compiling glutin_egl_sys v0.1.5
[INFO] [stderr]    Compiling glutin_glx_sys v0.1.7
[INFO] [stderr]    Compiling gfx_gl v0.6.1
[INFO] [stderr]     Checking approx v0.3.2
[INFO] [stderr]     Checking ordered-float v1.1.0
[INFO] [stderr]     Checking line_drawing v0.7.0
[INFO] [stderr]     Checking mio-extras v2.0.6
[INFO] [stderr]     Checking rusttype v0.8.3
[INFO] [stderr]    Compiling wayland-client v0.21.13
[INFO] [stderr]    Compiling wayland-protocols v0.21.13
[INFO] [stderr]     Checking rusttype v0.7.9
[INFO] [stderr]     Checking andrew v0.2.1
[INFO] [stderr]    Compiling wayland-client v0.23.6
[INFO] [stderr]    Compiling wayland-protocols v0.23.6
[INFO] [stderr]     Checking gfx v0.18.2
[INFO] [stderr]     Checking wayland-commons v0.21.13
[INFO] [stderr]     Checking wayland-commons v0.23.6
[INFO] [stderr]     Checking calloop v0.4.4
[INFO] [stderr]     Checking gfx_device_gl v0.16.2
[INFO] [stderr]     Checking smithay-client-toolkit v0.4.6
[INFO] [stderr]     Checking smithay-client-toolkit v0.6.6
[INFO] [stderr]     Checking winit v0.19.5
[INFO] [stderr]     Checking winit v0.22.2
[INFO] [stderr]     Checking glutin v0.21.2
[INFO] [stderr]     Checking gfx_window_glutin v0.31.0
[INFO] [stderr]     Checking glutin v0.24.1
[INFO] [stderr]     Checking gpu_cache_gfx v0.1.0 (/opt/rustwide/workdir)
[INFO] [stdout] error[E0432]: unresolved import `rusttype::FontCollection`
[INFO] [stdout]  --> src/main.rs:9:16
[INFO] [stdout]   |
[INFO] [stdout] 9 | use rusttype::{FontCollection, Font, Rect, Scale, PositionedGlyph, point, vector};
[INFO] [stdout]   |                ^^^^^^^^^^^^^^ no `FontCollection` in the root
[INFO] [stdout] 
[INFO] [stdout] 
[INFO] [stdout] error[E0432]: unresolved import `rusttype::gpu_cache`
[INFO] [stdout]   --> src/main.rs:10:15
[INFO] [stdout]    |
[INFO] [stdout] 10 | use rusttype::gpu_cache::{Cache};
[INFO] [stdout]    |               ^^^^^^^^^ could not find `gpu_cache` in `rusttype`
[INFO] [stdout] 
[INFO] [stdout] 
[INFO] [stdout] error[E0432]: unresolved imports `glutin::Event`, `glutin::VirtualKeyCode`
[INFO] [stdout]   --> src/main.rs:11:19
[INFO] [stdout]    |
[INFO] [stdout] 11 | use glutin::{Api, Event, VirtualKeyCode, GlRequest};
[INFO] [stdout]    |                   ^^^^^  ^^^^^^^^^^^^^^ no `VirtualKeyCode` in the root
[INFO] [stdout]    |                   |
[INFO] [stdout]    |                   no `Event` in the root
[INFO] [stdout]    |                   help: a similar name exists in the module: `event`
[INFO] [stdout] 
[INFO] [stdout] 
[INFO] [stdout] error[E0432]: unresolved import `gfx::tex`
[INFO] [stdout]   --> src/main.rs:12:11
[INFO] [stdout]    |
[INFO] [stdout] 12 | use gfx::{tex, Device, Factory, Resources};
[INFO] [stdout]    |           ^^^ no `tex` in the root
[INFO] [stdout] 
[INFO] [stdout] 
[INFO] [stdout] error[E0433]: failed to resolve: could not find `tex` in `gfx`
[INFO] [stdout]   --> src/main.rs:79:21
[INFO] [stdout]    |
[INFO] [stdout] 79 |     let info = gfx::tex::ImageInfoCommon {
[INFO] [stdout]    |                     ^^^ could not find `tex` in `gfx`
[INFO] [stdout] 
[INFO] [stdout] 
[INFO] [stdout] error[E0433]: failed to resolve: could not find `ElementState` in `glutin`
[INFO] [stdout]    --> src/main.rs:219:29
[INFO] [stdout]     |
[INFO] [stdout] 219 |                     glutin::ElementState::Pressed,
[INFO] [stdout]     |                             ^^^^^^^^^^^^ could not find `ElementState` in `glutin`
[INFO] [stdout] 
[INFO] [stdout] 
[INFO] [stdout] error[E0425]: cannot find value `MASK_ALL` in module `gfx::state`
[INFO] [stdout]   --> src/main.rs:29:66
[INFO] [stdout]    |
[INFO] [stdout] 29 |     out: gfx::BlendTarget<ColorFormat> = ("Target0", gfx::state::MASK_ALL, gfx::preset::blend::ALPHA),
[INFO] [stdout]    |                                                                  ^^^^^^^^ not found in `gfx::state`
[INFO] [stdout] 
[INFO] [stdout] 
[INFO] [stdout] error[E0433]: failed to resolve: could not find `WindowBuilder` in `glutin`
[INFO] [stdout]    --> src/main.rs:102:27
[INFO] [stdout]     |
[INFO] [stdout] 102 |     let builder = glutin::WindowBuilder::new()
[INFO] [stdout]     |                           ^^^^^^^^^^^^^ not found in `glutin`
[INFO] [stdout]     |
[INFO] [stdout] help: consider importing this struct
[INFO] [stdout]     |
[INFO] [stdout] 8   | use glutin::window::WindowBuilder;
[INFO] [stdout]     |
[INFO] [stdout] 
[INFO] [stdout] 
[INFO] [stdout] warning: unused import: `Factory`
[INFO] [stdout]   --> src/main.rs:12:24
[INFO] [stdout]    |
[INFO] [stdout] 12 | use gfx::{tex, Device, Factory, Resources};
[INFO] [stdout]    |                        ^^^^^^^
[INFO] [stdout]    |
[INFO] [stdout]    = note: `#[warn(unused_imports)]` on by default
[INFO] [stdout] 
[INFO] [stdout] 
[INFO] [stdout] error[E0432]: unresolved import `rusttype::FontCollection`
[INFO] [stdout]  --> src/main.rs:9:16
[INFO] [stdout]   |
[INFO] [stdout] 9 | use rusttype::{FontCollection, Font, Rect, Scale, PositionedGlyph, point, vector};
[INFO] [stdout]   |                ^^^^^^^^^^^^^^ no `FontCollection` in the root
[INFO] [stdout] 
[INFO] [stdout] 
[INFO] [stdout] error[E0432]: unresolved import `rusttype::gpu_cache`
[INFO] [stdout]   --> src/main.rs:10:15
[INFO] [stdout]    |
[INFO] [stdout] 10 | use rusttype::gpu_cache::{Cache};
[INFO] [stdout]    |               ^^^^^^^^^ could not find `gpu_cache` in `rusttype`
[INFO] [stdout] 
[INFO] [stdout] 
[INFO] [stdout] error[E0432]: unresolved imports `glutin::Event`, `glutin::VirtualKeyCode`
[INFO] [stdout]   --> src/main.rs:11:19
[INFO] [stdout]    |
[INFO] [stdout] 11 | use glutin::{Api, Event, VirtualKeyCode, GlRequest};
[INFO] [stdout]    |                   ^^^^^  ^^^^^^^^^^^^^^ no `VirtualKeyCode` in the root
[INFO] [stdout]    |                   |
[INFO] [stdout]    |                   no `Event` in the root
[INFO] [stdout]    |                   help: a similar name exists in the module: `event`
[INFO] [stdout] 
[INFO] [stdout] 
[INFO] [stdout] error[E0432]: unresolved import `gfx::tex`
[INFO] [stdout]   --> src/main.rs:12:11
[INFO] [stdout]    |
[INFO] [stdout] 12 | use gfx::{tex, Device, Factory, Resources};
[INFO] [stdout]    |           ^^^ no `tex` in the root
[INFO] [stdout] 
[INFO] [stdout] 
[INFO] [stdout] error[E0433]: failed to resolve: could not find `tex` in `gfx`
[INFO] [stdout]   --> src/main.rs:79:21
[INFO] [stdout]    |
[INFO] [stdout] 79 |     let info = gfx::tex::ImageInfoCommon {
[INFO] [stdout]    |                     ^^^ could not find `tex` in `gfx`
[INFO] [stdout] 
[INFO] [stdout] 
[INFO] [stdout] error[E0433]: failed to resolve: could not find `ElementState` in `glutin`
[INFO] [stdout]    --> src/main.rs:219:29
[INFO] [stdout]     |
[INFO] [stdout] 219 |                     glutin::ElementState::Pressed,
[INFO] [stdout]     |                             ^^^^^^^^^^^^ could not find `ElementState` in `glutin`
[INFO] [stdout] 
[INFO] [stdout] 
[INFO] [stdout] error[E0425]: cannot find value `MASK_ALL` in module `gfx::state`
[INFO] [stdout]   --> src/main.rs:29:66
[INFO] [stdout]    |
[INFO] [stdout] 29 |     out: gfx::BlendTarget<ColorFormat> = ("Target0", gfx::state::MASK_ALL, gfx::preset::blend::ALPHA),
[INFO] [stdout]    |                                                                  ^^^^^^^^ not found in `gfx::state`
[INFO] [stdout] 
[INFO] [stdout] 
[INFO] [stdout] error[E0433]: failed to resolve: could not find `WindowBuilder` in `glutin`
[INFO] [stdout]    --> src/main.rs:102:27
[INFO] [stdout]     |
[INFO] [stdout] 102 |     let builder = glutin::WindowBuilder::new()
[INFO] [stdout]     |                           ^^^^^^^^^^^^^ not found in `glutin`
[INFO] [stdout]     |
[INFO] [stdout] help: consider importing this struct
[INFO] [stdout]     |
[INFO] [stdout] 8   | use glutin::window::WindowBuilder;
[INFO] [stdout]     |
[INFO] [stdout] 
[INFO] [stdout] 
[INFO] [stdout] warning: unused import: `Factory`
[INFO] [stdout]   --> src/main.rs:12:24
[INFO] [stdout]    |
[INFO] [stdout] 12 | use gfx::{tex, Device, Factory, Resources};
[INFO] [stdout]    |                        ^^^^^^^
[INFO] [stdout]    |
[INFO] [stdout]    = note: `#[warn(unused_imports)]` on by default
[INFO] [stdout] 
[INFO] [stdout] 
[INFO] [stdout] error[E0308]: mismatched types
[INFO] [stdout]   --> src/main.rs:51:13
[INFO] [stdout]    |
[INFO] [stdout] 50 |         let base_glyph = match font.glyph(c) {
[INFO] [stdout]    |                                ------------- this expression has type `rusttype::Glyph<'_>`
[INFO] [stdout] 51 |             Some(glyph) => glyph,
[INFO] [stdout]    |             ^^^^^^^^^^^ expected struct `rusttype::Glyph`, found enum `Option`
[INFO] [stdout]    |
[INFO] [stdout]    = note: expected struct `rusttype::Glyph<'_>`
[INFO] [stdout]                 found enum `Option<_>`
[INFO] [stdout] 
[INFO] [stdout] 
[INFO] [stdout] error[E0308]: mismatched types
[INFO] [stdout]   --> src/main.rs:52:13
[INFO] [stdout]    |
[INFO] [stdout] 50 |         let base_glyph = match font.glyph(c) {
[INFO] [stdout]    |                                ------------- this expression has type `rusttype::Glyph<'_>`
[INFO] [stdout] 51 |             Some(glyph) => glyph,
[INFO] [stdout] 52 |             None => continue,
[INFO] [stdout]    |             ^^^^ expected struct `rusttype::Glyph`, found enum `Option`
[INFO] [stdout]    |
[INFO] [stdout]    = note: expected struct `rusttype::Glyph<'_>`
[INFO] [stdout]                 found enum `Option<_>`
[INFO] [stdout] 
[INFO] [stdout] 
[INFO] [stdout] error[E0061]: this function takes 3 arguments but 1 argument was supplied
[INFO] [stdout]    --> src/main.rs:106:9
[INFO] [stdout]     |
[INFO] [stdout] 106 |         gfx_window_glutin::init::<ColorFormat, DepthFormat>(builder);
[INFO] [stdout]     |         ^^^^^^^^^^^^^^^^^^^^^^^^^^^^^^^^^^^^^^^^^^^^^^^^^^^ ------- supplied 1 argument
[INFO] [stdout]     |         |
[INFO] [stdout]     |         expected 3 arguments
[INFO] [stdout] 
[INFO] [stdout] 
[INFO] [stdout] error[E0308]: mismatched types
[INFO] [stdout]    --> src/main.rs:105:9
[INFO] [stdout]     |
[INFO] [stdout] 105 |     let (window, mut device, mut factory, main_color, _main_depth) =
[INFO] [stdout]     |         ^^^^^^^^^^^^^^^^^^^^^^^^^^^^^^^^^^^^^^^^^^^^^^^^^^^^^^^^^^ expected enum `std::result::Result`, found tuple
[INFO] [stdout] 106 |         gfx_window_glutin::init::<ColorFormat, DepthFormat>(builder);
[INFO] [stdout]     |         ------------------------------------------------------------ this expression has type `std::result::Result<(glutin::windowed::ContextWrapper<glutin::context::PossiblyCurrent, winit::Window>, gfx_device_gl::Device, gfx_device_gl::Factory, RenderTargetView<gfx_device_gl::Resources, (gfx::format::R8_G8_B8_A8, gfx::format::Srgb)>, DepthStencilView<gfx_device_gl::Resources, (gfx::format::D24_S8, gfx::format::Unorm)>), glutin::CreationError>`
[INFO] [stdout]     |
[INFO] [stdout]     = note: expected enum `std::result::Result<(glutin::windowed::ContextWrapper<glutin::context::PossiblyCurrent, winit::Window>, gfx_device_gl::Device, gfx_device_gl::Factory, RenderTargetView<gfx_device_gl::Resources, (gfx::format::R8_G8_B8_A8, gfx::format::Srgb)>, DepthStencilView<gfx_device_gl::Resources, (gfx::format::D24_S8, gfx::format::Unorm)>), glutin::CreationError>`
[INFO] [stdout]               found tuple `(_, _, _, _, _)`
[INFO] [stdout] 
[INFO] [stdout] 
[INFO] [stdout] warning: unused import: `Device`
[INFO] [stdout]   --> src/main.rs:12:16
[INFO] [stdout]    |
[INFO] [stdout] 12 | use gfx::{tex, Device, Factory, Resources};
[INFO] [stdout]    |                ^^^^^^
[INFO] [stdout] 
[INFO] [stdout] 
[INFO] [stdout] warning: unused import: `FactoryExt`
[INFO] [stdout]   --> src/main.rs:13:19
[INFO] [stdout]    |
[INFO] [stdout] 13 | use gfx::traits::{FactoryExt};
[INFO] [stdout]    |                   ^^^^^^^^^^
[INFO] [stdout] 
[INFO] [stdout] 
[INFO] [stdout] error: aborting due to 12 previous errors; 3 warnings emitted
[INFO] [stdout] 
[INFO] [stdout] 
[INFO] [stdout] Some errors have detailed explanations: E0061, E0308, E0425, E0432, E0433.
[INFO] [stdout] 
[INFO] [stdout] For more information about an error, try `rustc --explain E0061`.
[INFO] [stdout] 
[INFO] [stderr] error: could not compile `gpu_cache_gfx`.
[INFO] [stderr] 
[INFO] [stderr] To learn more, run the command again with --verbose.
[INFO] [stderr] warning: build failed, waiting for other jobs to finish...
[INFO] [stdout] error[E0308]: mismatched types
[INFO] [stdout]   --> src/main.rs:51:13
[INFO] [stdout]    |
[INFO] [stdout] 50 |         let base_glyph = match font.glyph(c) {
[INFO] [stdout]    |                                ------------- this expression has type `rusttype::Glyph<'_>`
[INFO] [stdout] 51 |             Some(glyph) => glyph,
[INFO] [stdout]    |             ^^^^^^^^^^^ expected struct `rusttype::Glyph`, found enum `Option`
[INFO] [stdout]    |
[INFO] [stdout]    = note: expected struct `rusttype::Glyph<'_>`
[INFO] [stdout]                 found enum `Option<_>`
[INFO] [stdout] 
[INFO] [stdout] 
[INFO] [stdout] error[E0308]: mismatched types
[INFO] [stdout]   --> src/main.rs:52:13
[INFO] [stdout]    |
[INFO] [stdout] 50 |         let base_glyph = match font.glyph(c) {
[INFO] [stdout]    |                                ------------- this expression has type `rusttype::Glyph<'_>`
[INFO] [stdout] 51 |             Some(glyph) => glyph,
[INFO] [stdout] 52 |             None => continue,
[INFO] [stdout]    |             ^^^^ expected struct `rusttype::Glyph`, found enum `Option`
[INFO] [stdout]    |
[INFO] [stdout]    = note: expected struct `rusttype::Glyph<'_>`
[INFO] [stdout]                 found enum `Option<_>`
[INFO] [stdout] 
[INFO] [stdout] 
[INFO] [stdout] error[E0061]: this function takes 3 arguments but 1 argument was supplied
[INFO] [stdout]    --> src/main.rs:106:9
[INFO] [stdout]     |
[INFO] [stdout] 106 |         gfx_window_glutin::init::<ColorFormat, DepthFormat>(builder);
[INFO] [stdout]     |         ^^^^^^^^^^^^^^^^^^^^^^^^^^^^^^^^^^^^^^^^^^^^^^^^^^^ ------- supplied 1 argument
[INFO] [stdout]     |         |
[INFO] [stdout]     |         expected 3 arguments
[INFO] [stdout] 
[INFO] [stdout] 
[INFO] [stdout] error[E0308]: mismatched types
[INFO] [stdout]    --> src/main.rs:105:9
[INFO] [stdout]     |
[INFO] [stdout] 105 |     let (window, mut device, mut factory, main_color, _main_depth) =
[INFO] [stdout]     |         ^^^^^^^^^^^^^^^^^^^^^^^^^^^^^^^^^^^^^^^^^^^^^^^^^^^^^^^^^^ expected enum `std::result::Result`, found tuple
[INFO] [stdout] 106 |         gfx_window_glutin::init::<ColorFormat, DepthFormat>(builder);
[INFO] [stdout]     |         ------------------------------------------------------------ this expression has type `std::result::Result<(glutin::windowed::ContextWrapper<glutin::context::PossiblyCurrent, winit::Window>, gfx_device_gl::Device, gfx_device_gl::Factory, RenderTargetView<gfx_device_gl::Resources, (gfx::format::R8_G8_B8_A8, gfx::format::Srgb)>, DepthStencilView<gfx_device_gl::Resources, (gfx::format::D24_S8, gfx::format::Unorm)>), glutin::CreationError>`
[INFO] [stdout]     |
[INFO] [stdout]     = note: expected enum `std::result::Result<(glutin::windowed::ContextWrapper<glutin::context::PossiblyCurrent, winit::Window>, gfx_device_gl::Device, gfx_device_gl::Factory, RenderTargetView<gfx_device_gl::Resources, (gfx::format::R8_G8_B8_A8, gfx::format::Srgb)>, DepthStencilView<gfx_device_gl::Resources, (gfx::format::D24_S8, gfx::format::Unorm)>), glutin::CreationError>`
[INFO] [stdout]               found tuple `(_, _, _, _, _)`
[INFO] [stdout] 
[INFO] [stdout] 
[INFO] [stdout] warning: unused import: `Device`
[INFO] [stdout]   --> src/main.rs:12:16
[INFO] [stdout]    |
[INFO] [stdout] 12 | use gfx::{tex, Device, Factory, Resources};
[INFO] [stdout]    |                ^^^^^^
[INFO] [stdout] 
[INFO] [stdout] 
[INFO] [stdout] warning: unused import: `FactoryExt`
[INFO] [stdout]   --> src/main.rs:13:19
[INFO] [stdout]    |
[INFO] [stdout] 13 | use gfx::traits::{FactoryExt};
[INFO] [stdout]    |                   ^^^^^^^^^^
[INFO] [stdout] 
[INFO] [stdout] 
[INFO] [stdout] error: aborting due to 12 previous errors; 3 warnings emitted
[INFO] [stdout] 
[INFO] [stdout] 
[INFO] [stdout] Some errors have detailed explanations: E0061, E0308, E0425, E0432, E0433.
[INFO] [stdout] 
[INFO] [stdout] For more information about an error, try `rustc --explain E0061`.
[INFO] [stdout] 
[INFO] [stderr] error: build failed
[INFO] running `Command { std: "docker" "inspect" "d3315becd677ae30546fd619693dab68426ddea5f6d6aaba821bf04e07e4257d", kill_on_drop: false }`
[INFO] running `Command { std: "docker" "rm" "-f" "d3315becd677ae30546fd619693dab68426ddea5f6d6aaba821bf04e07e4257d", kill_on_drop: false }`
[INFO] [stdout] d3315becd677ae30546fd619693dab68426ddea5f6d6aaba821bf04e07e4257d
